{"id":689,"date":"2024-05-17T10:34:19","date_gmt":"2024-05-17T08:34:19","guid":{"rendered":"https:\/\/bault.es\/?page_id=689"},"modified":"2024-05-17T12:21:59","modified_gmt":"2024-05-17T10:21:59","slug":"carrito","status":"publish","type":"page","link":"https:\/\/bault.es\/?page_id=689","title":{"rendered":"Carrito"},"content":{"rendered":"\t\t<div data-elementor-type=\"wp-page\" data-elementor-id=\"689\" class=\"elementor elementor-689\" data-elementor-post-type=\"page\">\n\t\t\t\t<div data-particle_enable=\"false\" data-particle-mobile-disabled=\"false\" class=\"elementor-element elementor-element-4137771 e-con-full e-flex e-con e-parent\" data-id=\"4137771\" data-element_type=\"container\">\n\t\t\t\t<div class=\"elementor-element elementor-element-b96db10 elementor-widget elementor-widget-heading\" data-id=\"b96db10\" data-element_type=\"widget\" data-widget_type=\"heading.default\">\n\t\t\t\t<div class=\"elementor-widget-container\">\n\t\t\t<style>\/*! elementor - v3.23.0 - 05-08-2024 *\/\n.elementor-heading-title{padding:0;margin:0;line-height:1}.elementor-widget-heading .elementor-heading-title[class*=elementor-size-]>a{color:inherit;font-size:inherit;line-height:inherit}.elementor-widget-heading .elementor-heading-title.elementor-size-small{font-size:15px}.elementor-widget-heading .elementor-heading-title.elementor-size-medium{font-size:19px}.elementor-widget-heading .elementor-heading-title.elementor-size-large{font-size:29px}.elementor-widget-heading .elementor-heading-title.elementor-size-xl{font-size:39px}.elementor-widget-heading .elementor-heading-title.elementor-size-xxl{font-size:59px}<\/style><h2 class=\"elementor-heading-title elementor-size-default\">AQU\u00cd EST\u00c1 TU <B>CARRITO<\/B><\/h2>\t\t<\/div>\n\t\t\t\t<\/div>\n\t\t\t\t<\/div>\n\t\t<div data-particle_enable=\"false\" data-particle-mobile-disabled=\"false\" class=\"elementor-element elementor-element-27e6eb84 e-con-full e-flex e-con e-parent\" data-id=\"27e6eb84\" data-element_type=\"container\">\n\t\t\t\t<div class=\"elementor-element elementor-element-fca5574 e-cart-layout-two-column elementor-widget elementor-widget-woocommerce-cart\" data-id=\"fca5574\" data-element_type=\"widget\" data-settings=\"{&quot;sticky_right_column&quot;:&quot;yes&quot;,&quot;update_cart_automatically&quot;:&quot;yes&quot;}\" data-widget_type=\"woocommerce-cart.default\">\n\t\t\t\t<div class=\"elementor-widget-container\">\n\t\t\t<link rel=\"stylesheet\" href=\"https:\/\/bault.es\/wp-content\/plugins\/elementor-pro\/assets\/css\/widget-woocommerce.min.css?ver=1723198389\"><div class=\"woocommerce\"><div class=\"woocommerce-notices-wrapper\"><\/div><div class=\"wc-empty-cart-message\">\n\t<div class=\"cart-empty woocommerce-info\">\n\t\tTu carrito est\u00e1 vac\u00edo.\t<\/div>\n<\/div>\t<p class=\"return-to-shop\">\n\t\t<a class=\"button wc-backward\" href=\"https:\/\/bault.es\/?page_id=688\">\n\t\t\tVolver a la tienda\t\t<\/a>\n\t<\/p>\n<\/div>\t\t<\/div>\n\t\t\t\t<\/div>\n\t\t\t\t<\/div>\n\t\t<div data-particle_enable=\"false\" data-particle-mobile-disabled=\"false\" class=\"elementor-element elementor-element-5dcd133 e-con-full e-flex e-con e-parent\" data-id=\"5dcd133\" data-element_type=\"container\">\n\t\t\t\t<div class=\"elementor-element elementor-element-beea85a elementor-widget elementor-widget-eael-creative-button\" data-id=\"beea85a\" data-element_type=\"widget\" data-widget_type=\"eael-creative-button.default\">\n\t\t\t\t<div class=\"elementor-widget-container\">\n\t\t\t        <div class=\"eael-creative-button-wrapper\">\n\n            <a class=\"eael-creative-button eael-creative-button--saqui\" href=\"http:\/\/bault.es\" data-text=\"IR A LA TIENDA\">\n\n\t    \n                <div class=\"creative-button-inner\">\n\n                                            <span class=\"eael-creative-button-icon-left\"><\/span>                    \n                    <span class=\"cretive-button-text\">SEGUIR COMPRANDO<\/span>\n\n                                    <\/div>\n\t                        <\/a>\n        <\/div>\n\t\t<\/div>\n\t\t\t\t<\/div>\n\t\t\t\t<\/div>\n\t\t\t\t<\/div>\n\t\t","protected":false},"excerpt":{"rendered":"<p>AQU\u00cd EST\u00c1 TU CARRITO Eliminar art\u00edculo Imagen en miniatura Producto Precio Cantidad Subtotal &times; Gafas de sol &#8211; prueba 1 (copia) &#36;29.99 Gafas de sol &#8211; prueba 1 (copia) cantidad &#36;59.98 &times; Gafas de sol &#8211; prueba 1 Entrega estimada: el 22 de mayo de 2024 &#36;29.99 Gafas de sol &#8211; prueba 1 cantidad &#36;59.98 [&hellip;]<\/p>\n","protected":false},"author":1,"featured_media":0,"parent":0,"menu_order":0,"comment_status":"closed","ping_status":"closed","template":"elementor_theme","meta":{"_acf_changed":false,"_monsterinsights_skip_tracking":false,"_monsterinsights_sitenote_active":false,"_monsterinsights_sitenote_note":"","_monsterinsights_sitenote_category":0,"footnotes":""},"class_list":["post-689","page","type-page","status-publish","hentry"],"acf":[],"_links":{"self":[{"href":"https:\/\/bault.es\/index.php?rest_route=\/wp\/v2\/pages\/689"}],"collection":[{"href":"https:\/\/bault.es\/index.php?rest_route=\/wp\/v2\/pages"}],"about":[{"href":"https:\/\/bault.es\/index.php?rest_route=\/wp\/v2\/types\/page"}],"author":[{"embeddable":true,"href":"https:\/\/bault.es\/index.php?rest_route=\/wp\/v2\/users\/1"}],"replies":[{"embeddable":true,"href":"https:\/\/bault.es\/index.php?rest_route=%2Fwp%2Fv2%2Fcomments&post=689"}],"version-history":[{"count":12,"href":"https:\/\/bault.es\/index.php?rest_route=\/wp\/v2\/pages\/689\/revisions"}],"predecessor-version":[{"id":725,"href":"https:\/\/bault.es\/index.php?rest_route=\/wp\/v2\/pages\/689\/revisions\/725"}],"wp:attachment":[{"href":"https:\/\/bault.es\/index.php?rest_route=%2Fwp%2Fv2%2Fmedia&parent=689"}],"curies":[{"name":"wp","href":"https:\/\/api.w.org\/{rel}","templated":true}]}}